ase 6) to base 13.
-28
Convert 3 (base 10) to base 7.
3
-5 (base 15) to base 2
-101
9 (base 13) to base 7
12
What is 2 (base 11) in base 15?
2
-6 (base 16) to base 12
-6
c (base 14) to base 11
11
Convert 21 (base 15) to base 14.
23
-23 (base 10) to base 3
-212
Convert -1 (base 3) to base 10.
-1
-33 (base 11) to base 9
-40
Convert -4 (base 5) to base 13.
-4
Convert 11 (base 14) to base 15.
10
Convert -1 (base 15) to base 5.
-1
70 (base 10) to base 9
77
Convert -33 (base 5) to base 10.
-18
20 (base 5) to base 3
101
What is 1c (base 16) in base 4?
130
What is -32 (base 5) in base 12?
-15
Convert -233 (base 5) to base 14.
-4c
Convert -4 (base 16) to base 10.
-4
What is -4 (base 11) in base 13?
-4
49 (base 12) to base 2
111001
What is 3 (base 10) in base 6?
3
0 (base 12) to base 10
0
What is -49 (base 13) in base 14?
-45
Convert -54 (base 11) to base 16.
-3b
Convert 60 (base 11) to base 15.
46
Convert 22 (base 3) to base 14.
8
e (base 16) to base 11
13
Convert -c (base 14) to base 2.
-1100
65 (base 11) to base 7
131
What is -5 (base 6) in base 15?
-5
Convert 20 (base 12) to base 6.
40
a (base 11) to base 4
22
141 (base 15) to base 5
2121
-1100 (base 2) to base 8
-14
5 (base 7) to base 15
5
-2 (base 10) to base 3
-2
What is 20 (base 3) in base 6?
10
What is 2 (base 14) in base 12?
2
-2 (base 12) to base 5
-2
57 (base 9) to base 10
52
What is -158 (base 13) in base 2?
-11110010
What is 178 (base 11) in base 7?
413
What is 1 (base 3) in base 16?
1
-112 (base 4) to base 7
-31
What is 3210 (base 4) in base 15?
103
Convert 0 (base 10) to base 2.
0
What is -10010001 (base 2) in base 16?
-91
Convert -2021 (base 3) to base 12.
-51
What is -1 (base 11) in base 14?
-1
Convert -10 (base 4) to base 13.
-4
What is 48 (base 9) in base 11?
40
Convert 253 (base 6) to base 9.
126
What is -20 (base 3) in base 14?
-6
Convert -30 (base 5) to base 8.
-17
Convert -13 (base 6) to base 9.
-10
Convert 1111 (base 2) to base 8.
17
Convert -5 (base 10) to base 5.
-10
Convert c6 (base 16) to base 11.
170
Convert 3 (base 15) to base 14.
3
Convert -15 (base 13) to base 16.
-12
Convert -2b (base 15) to base 10.
-41
-133 (base 4) to base 16
-1f
What is -7 (base 8) in base 12?
-7
-4 (base 7) to base 9
-4
Convert -46 (base 9) to base 12.
-36
Convert -3 (base 16) to base 15.
-3
What is -1a (base 12) in base 3?
-211
What is -18b (base 14) in base 6?
-1251
8 (base 16) to base 4
20
What is 100 (base 2) in base 11?
4
What is 3c (base 15) in base 16?
39
Convert -b9 (base 16) to base 9.
-225
-25 (base 7) to base 5
-34
What is d (base 16) in base 7?
16
What is -43 (base 6) in base 2?
-11011
-11 (base 4) to base 13
-5
3 (base 10) to base 13
3
-1d (base 16) to base 9
-32
What is -15 (base 10) in base 2?
-1111
Convert 4 (base 13) to base 10.
4
Convert -2 (base 3) to base 12.
-2
What is -6 (base 13) in base 16?
-6
Convert b0 (base 15) to base 8.
245
Convert 19 (base 15) to base 3.
220
What is 5 (base 10) in base 11?
5
What is -133 (base 4) in base 6?
-51
What is 7 (base 9) in base 16?
7
Convert -40 (base 15) to base 12.
-50
What is 2 (base 15) in base 6?
2
-19 (base 16) to base 14
-1b
What is 2 (base 13) in base 16?
2
Convert 5 (base 13) to base 14.
5
-3 (base 9) to base 2
-11
-100 (base 2) to base 10
-4
Convert -27 (base 9) to base 5.
-100
What is -5 (base 10) in base 11?
-5
3 (base 6) to base 13
3
What is 202 (base 7) in base 14?
72
What is 335 (base 7) in base 9?
212
112 (base 11) to base 4
2012
1112 (base 3) to base 7
56
Convert 4 (base 7) to base 12.
4
What is -d (base 15) in base 3?
-111
What is 3 (base 4) in base 2?
11
Convert 0 (base 2) to base 15.
0
What is 90 (base 11) in base 3?
10200
What is 4 (base 6) in base 14?
4
What is 6 (base 14) in base 12?
6
What is 160 (base 9) in base 6?
343
What is 3 (base 11) in base 5?
3
-107 (base 14) to base 12
-14b
What is -100 (base 2) in base 16?
-4
What is 5 (base 14) in base 7?
5
Convert 12 (base 12) to base 8.
16
Convert -83 (base 11) to base 4.
-1123
What is -33 (base 7) in base 8?
-30
Convert -214 (base 8) to base 13.
-aa
Convert -1 (base 10) to base 11.
-1
20110 (base 3) to base 5
1144
3 (base 13) to base 2
11
-250 (base 7) to base 13
-a3
What is -8d (base 15) in base 14?
-97
-7 (base 15) to base 14
-7
Convert -f (base 16) to base 11.
-14
-1 (base 3) to base 12
-1
Convert -2 (base 9) to base 15.
-2
Convert -11 (base 4) to base 8.
-5
Convert -2223 (base 4) to base 11.
-146
What is 5 (base 11) in base 12?
5
-3a (base 13) to base 12
-41
Convert 100 (base 2) to base 5.
4
What is -11 (base 4) in base 5?
-10
Convert c (base 14) to base 16.
c
What is 11 (base 5) in base 14?
6
What is 6 (base 14) in base 9?
6
Convert 11 (base 5) to base 12.
6
1 (base 7) to base 9
1
-145 (base 8) to base 7
-203
What is -10 (base 3) in base 10?
-3
Convert -12 (base 11) to base 13.
-10
111 (base 2) to base 3
21
31 (base 15) to base 9
51
-150 (base 7) to base 15
-59
Convert 10 (base 4) to base 16.
4
What is -36 (base 8) in base 2?
-11110
-6 (base 14) to base 13
-6
2 (base 14) to base 8
2
What is 5 (base 9) in base 4?
11
-136 (base 11) to base 3
-12221
What is -230 (base 5) in base 16?
-41
Convert 3 (base 15) to base 9.
3
Convert 1 (base 7) to base 8.
1
Convert -14 (base 6) to base 10.
-10
What is -102 (base 3) in base 11?
-10
2 (base 9) to base 7
2
What is 102 (base 5) in base 8?
33
Convert -5 (base 16) to base 3.
-12
-5 (base 6) to base 11
-5
Convert -2 (base 12) to base 8.
-2
11200 (base 3) to base 7
240
7 (base 14) to base 10
7
What is -192 (base 10) in base 6?
-520
10 (base 2) to base 3
2
What is -5 (base 8) in base 10?
-5
What is 1011001 (base 2) in base 4?
1121
Convert 164 (base 11) to base 16.
bf
Convert -32 (base 7) to base 3.
-212
Convert 3000 (base 5) to base 8.
567
What is 5 (base 8) in base 7?
5
What is 242 (base 5) in base 12?
60
212 (base 9) to base 13
104
What is -b (base 14) in base 9?
-12
What is 9 (base 14) in base 7?
12
Convert -1 (base 6) to base 13.
-1
What is 202 (base 4) in base 5?
114
Convert -2 (base 11) to base 8.
-2
Convert -2101 (base 3) to base 10.
-64
5 (base 15) to base 3
12
2 (base 13) to base 6
2
-22 (base 8) to base 13
-15
Convert 14 (base 15) to base 12.
17
Convert 12 (base 7) to base 9.
10
Convert -7e (base 16) to base 4.
-1332
Convert -120 (base 3) to base 12.
-13
What is -1 (base 5) in base 10?
-1
What is -5 (base 13) in base 3?
-12
Convert 19 (base 12) to base 4.
111
a (base 16) to base 6
14
-35 (base 7) to base 8
-32
What is -2 (base 16) in base 6?
-2
-24 (base 5) to base 12
-12
Convert 1000101 (base 2) to base 9.
76
3b (base 13) to base 9
55
30 (base 7) to base 3
210
Convert -31 (base 8) to base 16.
-19
What is -a (base 12) in base 3?
-101
-4 (base 16) to base 4
-10
-9 (base 12) to base 14
-9
Convert -64 (base 7) to base 5.
-141
Convert 1 (base 2) to base 13.
1
Convert 21 (base 14) to base 13.
23
What is -5 (base 14) in base 16?
-5
-4 (base 16) to base 11
-4
What is 6 (base 14) in base 16?
6
Convert -4 (base 12) to base 9.
-4
-212 (base 3) to base 16
-17
What is -4 (base 13) in base 7?
-4
What is 3 (base 13) in base 8?
3
2302 (base 4) to base 15
bd
Convert -a4 (base 13) to base 11.
-112
-7 (base 14) to base 12
-7
What is 4 (base 5) in base 16?
4
Convert 1 (base 13) to base 15.
1
11 (base 3) to base 10
4
Convert 0 (base 14) to base 16.
0
362 (base 9) to base 11
252
What is -1 (base 5) in base 2?
-1
Convert -202 (base 5) to base 15.
-37
Convert -144 (base 6) to base 10.
-64
301 (base 5) to base 16
4c
What is 4 (base 13) in base 10?
4
-24 (base 8) to base 5
-40
2 (base 6) to base 2
10
Convert 100 (base 2) to base 11.
4
Convert 6 (base 13) to base 12.
6
2a (base 14) to base 3
1102
What is 7 (base 11) in base 14?
7
Convert 1221 (base 3) to base 12.
44
-12 (base 16) to base 15
-13
20 (base 5) to base 15
a
Convert 1211 (base 4) to base 2.
1100101
Convert -4 (base 6) to base 14.
-4
Convert 32 (base 4) to base 8.
16
Convert 30 (base 4) to base 5.
22
Convert -41 (base 14) to base 4.
-321
What is 0 (base 15) in base 2?
0
Convert 248 (base 9) to base 2.
11001110
What is -79 (base 16) in base 10?
-121
-24 (base 5) to base 3
-112
10 (base 3) to base 14
3
Convert 70 (base 9) to base 15.
43
Convert -1 (base 2) to base 3.
-1
-4b (base 14) to base 8
-103
Convert 200 (base 4) to base 6.
52
Convert 202 (base 4) to base 2.
100010
What is -4 (base 